j**2 + j + 1. Let f(x) = 4*x**3 + 3*x**2 - 2*x. Let s(w) = 4*f(w) + 3*r(w). Calculate the remainder when 44 is divided by s(3).
14
Let v = 1 + 3. Let s(f) = 6 - 3*f + f**3 - 3*f + 6*f - 3*f**2 - 3*f. Calculate the remainder when 19 is divided by s(v).
9
Let c be (-1)/(-1) - (-169 - -9). Calculate the remainder when (3 - 2)/(7/c) is divided by 8.
7
Let g(k) = -10 - k**2 - 3*k + 6*k + 6*k. Let q be g(7). Suppose q*d - z = -d + 16, 4*d - 4*z - 16 = 0. Calculate the remainder when d is divided by 1.
0
Let r(f) = f**2 + 2*f + 5. Let d be r(-6). Let l = -17 + d. Suppose 3*b = 2*i + b - 68, 0 = -5*i + b + 174. What is the remainder when i is divided by l?
11
Calculate the remainder when 8 is divided by 4 - (-2 - 0 - -3).
2
Suppose 0 = -0*s + s - 2. Suppose 3*u - 23 = s*y, -6*u + u + 4*y = -37. What is the remainder when 17 is divided by u?
8
Let t(x) = -x**2 - 23. Let j be t(0). Let k = j - -48. Calculate the remainder when k is divided by 9.
7
Let o = -5 - -38. What is the remainder when o is divided by 9?
6
Let r(j) = j**2 + 3*j. Let l be r(-4). Suppose 85 = l*t + t - 2*v, 3*t + 2*v - 35 = 0. Calculate the remainder when 44 is divided by t.
14
Suppose 2*d = -3*d - 4*h + 555, 0 = -5*d + 2*h + 585. Suppose d = 5*y - 0. What is the remainder when 67 is divided by y?
21
Let p = 19 + -7. Suppose p + 10 = 2*k. Calculate the remainder when 41 is divided by k.
8
Suppose 4*z + 35 = 4*q + q, 3*z + 18 = 3*q. What is the remainder when 41 is divided by q?
8
Let f = -1 + 2. Suppose -g = -6*g + 20. Calculate the remainder when g is divided by 6/9*(f - -2).
0
Let z(q) = -8*q. Let t = 0 + 15. What is the remainder when t is divided by z(-1)?
7
Let d(n) = 8*n**2 - 7*n + 6. Let a(t) = t**2 - t + 1. Let v(r) = -5*a(r) + d(r). What is the remainder when v(-2) is divided by 6?
5
Let i(s) be the third derivative of s**5/60 - s**4/4 - s**3/6 - 2*s**2. What is the remainder when i(-5) is divided by (1 + 2 - 4)*-14?
12
Let z = 114 - 98. Calculate the remainder when 50/4*(-24)/(-10) is divided by z.
14
Suppose -2*j + 48 = -4*y, -4*j - 3*y = 18 - 103. Calculate the remainder when 55 is divided by j + -1 + (-2 - 0).
17
Let k(p) = 4*p. Let f be k(2). Let l = f + -1. Suppose -3*n = -l*n + 16. Calculate the remainder when n is divided by 3.
1
Let w = 200 + -168. Let a(f) = f**2 - 4. What is the remainder when w is divided by a(-4)?
8
Suppose 0 = -3*l + 6*l - 45. Let a = l - 2. What is the remainder when 23 is divided by a?
10
What is the remainder when (-2)/2 - (-9 + 0) is divided by 2?
0
Let m(h) = 5*h**2 + 1. Let x be m(-1). What is the remainder when 182/x - (-2)/(-6) is divided by 16?
14
Let a(t) = -6*t**3 + 2*t**2 + 4*t + 3. What is the remainder when a(-2) is divided by 18?
15
Let m = -51 - -71. Calculate the remainder when 57 is divided by m.
17
Suppose 2*s - 7 - 81 = 0. Suppose -3*t = -4*h - 36, t - 1 - 3 = 4*h. Suppose 2*m - s - t = 0. Calculate the remainder when m is divided by 8.
6
Let w(k) = 17*k - 49. What is the remainder when 41 is divided by w(4)?
3
Suppose 0 = -2*k + 11 - 5. Let w(g) = g**2 - 3*g - 6. Let l be w(5). Let f = -2 + l. What is the remainder when k is divided by f?
1
Suppose -p + 40 + 3 = -5*l, p + 4*l + 2 = 0. Suppose -4*c + 225 = -7*c. Let m = -23 - c. What is the remainder when m is divided by p?
16
Suppose 96 = -14*o + 16*o. Calculate the remainder when o is divided by 18.
12
Let d = -50 + -3. Let w = d - -78. What is the remainder when w is divided by 7?
4
Suppose -4*f + 0*f + 262 = -b, -4*f + 4*b + 256 = 0. Calculate the remainder when f is divided by 24.
18
Let k(g) be the second derivative of g**5/20 - 5*g**4/12 + 2*g**3/3 + 2*g**2 - 4*g. Let f be (1 - 4)/((-3)/4). What is the remainder when 7 is divided by k(f)?
3
Let d(m) = -m**2 - 11*m - 9. Calculate the remainder when 37 is divided by d(-7).
18
Suppose -138 = 4*x - 2*x + 5*s, 3*x - 5*s = -157. Let q = -38 - x. Let l = 37 + -26. Calculate the remainder when q is divided by l.
10
Let z(p) = p**3 + 2*p**2 - 11*p + 3. What is the remainder when z(5) is divided by 21?
18
Let b = 20 + -14. What is the remainder when b is divided by 0 + 0 + (1 - -1)?
0
Let c(j) = -j**3 + 8*j**2 + 12*j + 14. Calculate the remainder when 156 is divided by c(9).
33
Suppose 0 = -2*s - 3*f + 4*f + 22, 3*s - 40 = -2*f. Calculate the remainder when 1*(26 + -3) - 2 is divided by s.
9
Let s = 153 - 288. Suppose w = -2*w + 48. What is the remainder when w is divided by (-9)/((s/10)/9)?
4
Suppose -5*f - c + 95 = 0, -2*f + c = -2*c - 55. Calculate the remainder when f is divided by 7.
6
Calculate the remainder when 26 is divided by 6/(-9)*(-51)/2.
9
Let w = -5 + 4. What is the remainder when 3/(w*(-12)/488) is divided by 31?
29
Let t(n) = 0*n**2 - 9*n - 3 - n**2 + 11. What is the remainder when t(-6) is divided by (30/1 + -2)/2?
12
Suppose 0*t + 2*t = 58. Let x = 44 + -24. Suppose 2*s = -h + 21, 2*h - x = -5*s + 6*h. Calculate the remainder when t is divided by s.
5
Calculate the remainder when 59 is divided by (60/((-20)/4))/((-6)/8).
11
Suppose 3*u - 2*b = 138, 4*u = b + 4*b + 184. What is the remainder when u is divided by 12?
10
Suppose -4*w + 32 = 2*d, -5*d - 4*w + 80 = -d. Calculate the remainder when 68 is divided by d.
20
Let b(y) = 2*y + 6. What is the remainder when 45 is divided by b(3)?
9
Suppose -p - 2*p = -60. Let c(g) = 17*g + 7. Calculate the remainder when c(3) is divided by p.
18
Let j = 52 + -41. Calculate the remainder when j is divided by 6.
5
Let b(w) = -w**3 - 19*w**2 - 20*w + 8. Calculate the remainder when b(-18) is divided by 9.
8
Let o(v) = -5*v**2 + 7*v**2 - 2 + v - v**2. Let a(z) = z - 3. Let s be a(6). What is the remainder when 29 is divided by o(s)?
9
Let x(b) = 2*b. Suppose 5*l - 3 = 7. Calculate the remainder when 11 is divided by x(l).
3
Suppose 42 = 2*z + 4. Suppose -3*c - 5*q = -z, -2*c - 2*c + 40 = 3*q. What is the remainder when (1 - -16)*(0 + 3) is divided by c?
12
Let f(s) = s**2 - 3*s + 4. Calculate the remainder when f(4) is divided by 3.
2
Let b(q) = q**3 + 2*q**2 - 2*q + 3. Let o be b(-3). Suppose o*a = 2*a - 6. Calculate the remainder when 4 is divided by a.
1
Suppose w - 15 = 2*w. What is the remainder when 205/w*3/(-1) is divided by 14?
13
Suppose -z + 3 = 2*i, -5*i - 13 = -10*i + 3*z. Calculate the remainder when 7 is divided by i.
1
Let c(u) = -u + 8. Let j be c(6). Suppose -b + 5*n = 10, j + 4 = 2*n. Suppose -5*z + 25 - 5 = -k, 3*k = 4*z - 27. What is the remainder when b is divided by z?
2
Let a(f) = -55*f**2 - 1. Let t be a(-1). Let n = 87 + t. Calculate the remainder when n is divided by 17.
14
Suppose 0 = -0*i + 3*i - 6, -5*p + 9 = -3*i. What is the remainder when 4 is divided by p?
1
Suppose 81 = -w + 4*w. Calculate the remainder when w is divided by (2/4)/(6/168).
13
Let s be 4/18 + 68/18. Let a = -59 + 117. Calculate the remainder when a is divided by s/(-6) + (-248)/(-12).
18
Suppose 16 = 2*h - 4*t - 8, 2*h + 4*t = 0. Calculate the remainder when 16 - -1 - (-3 + 4) is divided by h.
4
Let l(k) = -3*k + 3. Let c be l(-3). Suppose 0 = 3*h - 0*h + 3*r - c, 2*h + 13 = 5*r. What is the remainder when 4 is divided by h?
0
Suppose -12*c + 700 = -5*c. What is the remainder when c is divided by 26?
22
Suppose -3*r = -5*r + 30. Calculate the remainder when r is divided by 4.
3
Let k = 8 + -3. Suppose k*z - 38 = -2*b + 3*b, 3*b = -3*z + 30. What is the remainder when 14 is divided by z?
6
Suppose -y + 5*y = 132. What is the remainder when y is divided by 9?
6
Suppose -4*u + 3 = -13. Suppose -3 = 6*t - 39. Calculate the remainder when t is divided by u.
2
Let y = 2 + 2. Suppose -9 = -y*k + k. Calculate the remainder when 37 is divided by (k - (-10)/3)*3.
18
Let b(n) = n**2 - 10*n - 7. What is the remainder when 100 is divided by b(12)?
15
Let t = -63 - -70. Calculate the remainder when 34 is divided by t.
6
Let m = 22 - 14. Let h(y) = 13*y**2 + 3*y - 3. Let x be h(-3). Suppose 6*f - x = f. Calculate the remainder when f is divided by m.
5
Suppose 4*t = 5*m + 340, 2*m = -6*t + 3*t + 232. Suppose 9*b = 4*b + t. What is the remainder when b is divided by 9?
7
Let o(q) = -6*q + 5*q - q + q + 17. What is the remainder when 28 is divided by o(7)?
8
What is the remainder when (5 - (4 - -1)) + (-222)/(-2) is divided by 28?
27
Suppose 2*u + 12 = 5*u. Calculate the remainder when 11